 remainder when 16802 is divided by 53?
1
What is the remainder when 660282 is divided by 31441?
21
Calculate the remainder when 435720 is divided by 6916.
12
Calculate the remainder when 1097108 is divided by 70.
68
Calculate the remainder when 3801 is divided by 284.
109
What is the remainder when 175731 is divided by 101?
92
Calculate the remainder when 74056 is divided by 24608.
232
What is the remainder when 30694 is divided by 379?
374
Calculate the remainder when 20371 is divided by 20365.
6
What is the remainder when 937 is divided by 302?
31
What is the remainder when 484238 is divided by 161408?
14
What is the remainder when 458 is divided by 451?
7
What is the remainder when 12938 is divided by 6384?
170
What is the remainder when 274926 is divided by 233?
219
What is the remainder when 17757 is divided by 60?
57
What is the remainder when 4488 is divided by 1058?
256
Calculate the remainder when 18515 is divided by 170.
155
What is the remainder when 25659 is divided by 6374?
163
Calculate the remainder when 21837 is divided by 233.
168
Calculate the remainder when 391 is divided by 182.
27
Calculate the remainder when 198711 is divided by 10.
1
What is the remainder when 17181 is divided by 408?
45
Calculate the remainder when 3214 is divided by 529.
40
Calculate the remainder when 2569 is divided by 2124.
445
What is the remainder when 10200 is divided by 116?
108
Calculate the remainder when 803085 is divided by 468.
465
Calculate the remainder when 21162 is divided by 216.
210
What is the remainder when 3992 is divided by 1320?
32
What is the remainder when 6335 is divided by 100?
35
What is the remainder when 1491 is divided by 491?
18
Calculate the remainder when 425845 is divided by 212920.
5
Calculate the remainder when 640027 is divided by 423.
28
Calculate the remainder when 6199 is divided by 566.
539
What is the remainder when 2957 is divided by 2948?
9
What is the remainder when 16151 is divided by 702?
5
What is the remainder when 48940 is divided by 1483?
1
What is the remainder when 449 is divided by 149?
2
Calculate the remainder when 572645 is divided by 6.
5
Calculate the remainder when 38973 is divided by 12.
9
What is the remainder when 137350 is divided by 68669?
12
What is the remainder when 26871 is divided by 855?
366
Calculate the remainder when 2303 is divided by 63.
35
What is the remainder when 929 is divided by 699?
230
Calculate the remainder when 8669 is divided by 5.
4
What is the remainder when 10847 is divided by 1083?
17
Calculate the remainder when 73044 is divided by 184.
180
What is the remainder when 117048 is divided by 1232?
8
What is the remainder when 14242 is divided by 12?
10
Calculate the remainder when 31443 is divided by 1756.
1591
What is the remainder when 38101 is divided by 387?
175
What is the remainder when 17562 is divided by 2834?
558
What is the remainder when 29773 is divided by 7440?
13
What is the remainder when 72317 is divided by 36158?
1
Calculate the remainder when 2642 is divided by 26.
16
What is the remainder when 5179 is divided by 80?
59
What is the remainder when 3340799 is divided by 261?
260
What is the remainder when 1637370 is divided by 17?
15
What is the remainder when 1307450 is divided by 21?
11
Calculate the remainder when 22851 is divided by 1747.
140
Calculate the remainder when 557051 is divided by 64.
59
What is the remainder when 40435 is divided by 20215?
5
Calculate the remainder when 98046 is divided by 64.
62
What is the remainder when 136882 is divided by 225?
82
What is the remainder when 14024 is divided by 425?
424
Calculate the remainder when 106566 is divided by 10.
6
What is the remainder when 385720 is divided by 27?
25
Calculate the remainder when 80911 is divided by 66.
61
Calculate the remainder when 21409 is divided by 525.
409
Calculate the remainder when 25659 is divided by 25653.
6
What is the remainder when 17920 is divided by 139?
128
What is the remainder when 9422 is divided by 356?
166
What is the remainder when 73852 is divided by 19?
18
What is the remainder when 14929 is divided by 142?
19
What is the remainder when 3478 is divided by 347?
8
Calculate the remainder when 63608 is divided by 273.
272
What is the remainder when 3306 is divided by 881?
663
What is the remainder when 116505 is divided by 12?
9
What is the remainder when 5264511 is divided by 11?
10
Calculate the remainder when 9394 is divided by 669.
28
What is the remainder when 536 is divided by 175?
11
Calculate the remainder when 64833 is divided by 1855.
1763
What is the remainder when 79960 is divided by 406?
384
What is the remainder when 66858 is divided by 254?
56
What is the remainder when 14203 is divided by 245?
238
What is the remainder when 3598 is divided by 360?
358
What is the remainder when 29006 is divided by 26?
16
Calculate the remainder when 14597 is divided by 442.
11
What is the remainder when 7690 is divided by 1095?
25
What is the remainder when 2785 is divided by 557?
0
Calculate the remainder when 11271 is divided by 477.
300
What is the remainder when 415 is divided by 352?
63
Calculate the remainder when 14868 is divided by 10.
8
What is the remainder when 40492 is divided by 843?
28
What is the remainder when 174 is divided by 14?
6
Calculate the remainder when 2752 is divided by 613.
300
What is the remainder when 6265 is divided by 21?
7
What is the remainder when 261562 is divided by 142?
140
Calculate the remainder when 618117 is divided by 12.
9
Calculate the remainder when 5599 is divided by 2714.
171
Calculate the remainder when 437368 is divided by 239.
237
Calculate the remainder when 2144 is divided by 380.
244
Calculate the remainder when 7430 is divided by 620.
610
What is the remainder when 10242 is divided by 310?
12
Calculate the remainder when 22468 is divided by 7482.
22
What is the remainder when 14652 is divided by 254?
174
Calculate the remainder when 1007 is divided by 443.
121
What is the remainder when 16194 is divided by 426?
6
Calculate the remainder when 8177 is divided by 86.
7
Calculate the remainder when 826652 is divided by 213.
212
What is the remainder when 2397 is divided by 96?
93
Calculate the remainder when 307259 is divided by 569.
568
Calculate the remainder when 1555 is divided by 390.
385
What is the remainder when 1299149 is divided by 75?
74
What is the remainder when 869 is divided by 184?
133
What is the remainder when 2505 is divided by 91?
48
What is the remainder when 59438 is divided by 14?
8
Calculate the remainder when 17146401 is divided by 22.
19
Calculate the remainder when 129953 is divided by 35.
33
Calculate the remainder when 8338 is divided by 295.
78
What is the remainder when 159869 is divided by 128?
125
Calculate the remainder when 21997 is divided by 244.
37
What is the remainder when 441 is divided by 251?
190
Calculate the remainder when 24079 is divided by 259.
251
Calculate the remainder when 3481 is divided by 269.
253
Calculate the remainder when 9922 is divided by 121.
0
What is the remainder when 13021 is divided by 383?
382
Calculate the remainder when 1035 is divided by 73.
13
Calculate the remainder when 54064 is divided by 328.
272
What is the remainder when 557 is divided by 4?
1
What is the remainder when 4760 is divided by 100?
60
What is the remainder when 914 is divided by 553?
361
What is the remainder when 7585 is divided by 1082?
11
Calculate the remainder when 73371 is divided by 36660.
51
Calculate the remainder when 7964 is divided by 141.
68
Calculate the remainder when 34661 is divided by 108.
101
Calculate the remainder when 5782 is divided by 52.
10
Calculate the remainder when 115433 is divided by 106.
105
What is the remainder when 527 is divided by 425?
102
Calculate the remainder when 42993 is divided by 166.
165
What is the remainder when 16456 is divided by 2348?
20
What is the remainder when 289 is divided by 192?
97
Calculate the remainder when 1154424 is divided by 73.
2
What is the remainder when 4214 is divided by 929?
498
Calculate the remainder when 156524 is divided by 379.
376
What is the remainder when 3514 is divided by 1706?
102
Calculate the remainder when 790 is divided by 13.
10
Calculate the remainder when 31534 is